 c = -149 + 259. What are the prime factors of c?
2, 5, 11
Let w(z) = z**3 + 12*z**2 - 15*z + 21. What are the prime factors of w(-13)?
47
Let h = 178 + -84. List the prime factors of h.
2, 47
Let y = -18 + 46. List the prime factors of y.
2, 7
Suppose -135 = -5*b + 5. Suppose 2*c + 4*h - b = 0, h + 81 = 3*c + 2*c. List the prime factors of c.
2
Suppose -3*n - i + 136 = 0, 0*n = 5*n - 2*i - 234. List the prime factors of n.
2, 23
Suppose -5*j + 68 = -77. What are the prime factors of j?
29
Let d be (-828)/(-7) - (-2)/(-7). Suppose -4*a + 5*a = 5*j + 22, -d = -4*a + 5*j. What are the prime factors of a?
2
Suppose 1376 = -2*y + 4*c + 510, 0 = -y - 3*c - 438. List the prime factors of (4/(-5))/(6/y).
2, 29
Let f = 51 - -66. List the prime factors of f.
3, 13
Let w(q) = -5*q**2 + 2. Let a be w(3). Let v = a + 60. What are the prime factors of v?
17
Suppose -k + 15 = -4*s - 8, 4*k - 155 = -5*s. List the prime factors of k.
5, 7
What are the prime factors of (-33)/22 + (-262)/(-4)?
2
Suppose 0*b = b - 2. Suppose -24 = b*n - 5*n. Let y = -2 + n. List the prime factors of y.
2, 3
Suppose -l = -3*l. Suppose -3*b + 3*y = 24, l*b = 3*b - y + 34. Let h = -7 - b. What are the prime factors of h?
2, 3
Suppose 2*q = 4*u - 30, 35 = 2*u + 3*u - 3*q. List the prime factors of u.
2, 5
Let b(d) = -d**3 - 5*d**2 - 6*d - 6. Let r be b(-5). Let u be (r/3)/((-3)/3). What are the prime factors of 2*26/u*-2?
13
Let n(b) = -27*b**2 + b. Let j be n(1). Let r = -17 - j. What are the prime factors of r?
3
Let p(a) = -15*a. Let c(u) = 3*u. Let w(l) = 24*c(l) + 5*p(l). Let s be w(-1). Suppose -2*r + 3*r = s. What are the prime factors of r?
3
Suppose 30 = 2*h + h. Let c = -114 - -109. Let o = c + h. What are the prime factors of o?
5
Let l = 8 - -24. List the prime factors of l.
2
What are the prime factors of (5/(30/9))/(2/176)?
2, 3, 11
Suppose -m - 4 = 0, -5*a = 3*m - 57 - 21. What are the prime factors of a?
2, 3
Let r(f) = -9*f + 4. List the prime factors of r(-2).
2, 11
Suppose 3*k = k + 4. Suppose 3*q - 4*o - 13 = -2*q, 3*q - 4*o - 11 = 0. List the prime factors of (-1*k + q)*-2.
2
Suppose 0 = 4*h + 22 + 2. What are the prime factors of (-3 - -3) + 0 - h?
2, 3
Let z be (1 + -2)/(1/(-3)). Suppose 30 = -0*m + z*m. List the prime factors of m.
2, 5
Suppose -g + 256 = 3*g. List the prime factors of g.
2
Let c = -2 + 20. Suppose -46 = 4*x + 5*f, -20 = 2*x - 0*x + f. Let z = c + x. List the prime factors of z.
3
Let f(w) = 4*w**3 - 2*w**2 + 4*w - 4. List the prime factors of f(3).
2, 7
Suppose -7*o = -3*o + 3*q - 24, -5*o + 3 = -3*q. Suppose 4*y - 3*v - 27 = 21, 57 = 3*y + o*v. What are the prime factors of ((-1)/(-1))/(3/y)?
5
Let v(s) = s**3 - 4*s**2 - 6*s + 9. Let j = -2 - -8. What are the prime factors of v(j)?
3, 5
Let n(f) be the first derivative of 7*f**4 + f - 7. What are the prime factors of n(1)?
29
What are the prime factors of ((-6)/4 - 5/(-10)) + 33?
2
Let p be 19/2 + 2/4. Let q = -18 + 25. Let z = p - q. What are the prime factors of z?
3
Let n = 93 - 41. What are the prime factors of n?
2, 13
Let u be ((-42)/(-9))/(2/3). Suppose -3*v = -2*h + 19 + u, 5*h = -2*v + 103. Suppose 0 = 5*m + 2*y - 15, -3*y - h = -m + 1. List the prime factors of m.
5
Suppose 0 = -3*y + 8 + 4. Let a be (1 - y) + (-5)/(-1). Suppose -j + 36 = a*j. List the prime factors of j.
2, 3
List the prime factors of -20*((-12)/20 - (-7)/(-5)).
2, 5
Suppose -4*y = -2*y - 8. Suppose -v = y*n - 44, 4*v - v = n + 119. List the prime factors of v.
2, 5
Let k be ((-70)/(-56))/((-1)/(-64)). Suppose -5*r + 60 = -k. What are the prime factors of r?
2, 7
Let f(n) = -2*n. What are the prime factors of f(-5)?
2, 5
List the prime factors of 18 - (2/(-1) + -2).
2, 11
Suppose o + 3*y - 18 + 6 = 0, -3*y + 15 = 0. Let w(s) be the third derivative of -s**6/60 - s**5/12 - s**4/8 + s**3/3 - s**2. List the prime factors of w(o).
2, 5
Let w be 0 - (-2 + 0)/1. Let y be 3/(-3*w/(-16)). Suppose 10 = 2*k - y. What are the prime factors of k?
3
Let t be 5/20 - 9/4. Let f be ((3 + -1)/t)/(-1). List the prime factors of 6 + f - (1 + -3).
3
List the prime factors of 2/12*93*4.
2, 31
Let h(o) be the second derivative of o + 0 - 1/2*o**3 - 3*o**2. List the prime factors of h(-4).
2, 3
Suppose 2*i - 16 - 22 = 0. Suppose -4*z = 3*m - 30, -2*m - 3*z + 2 = -i. What are the prime factors of m?
2, 3
Let q(z) be the first derivative of -z**2/2 + z + 2. What are the prime factors of q(-3)?
2
Let d(q) = 2*q**2 - 5. List the prime factors of d(-6).
67
Suppose 0 = 3*z + 4*o - 9, 0 = -z - 3*o + 2 + 1. List the prime factors of z.
3
Let j(o) be the third derivative of -o**6/120 - 4*o**5/15 - 17*o**4/24 + 4*o**3/3 - 6*o**2. What are the prime factors of j(-15)?
2, 19
Let t(s) = s**3 + 7*s**2 + 6*s + 3. Let y(n) = -n**3 + 4*n**2 + 4*n - 1. Let z be y(5). List the prime factors of t(z).
3
Let x(g) be the third derivative of g**6/180 - g**5/24 + g**4/12 + 4*g**2. Let k(l) be the second derivative of x(l). List the prime factors of k(4).
11
Suppose -22 + 7 = -3*o. Suppose -t = 5*u + o + 4, 5*t + 3*u + 1 = 0. Let v = 5 + t. What are the prime factors of v?
2, 3
Let z(i) = 2*i**2 + 3*i - 1. Let l = -10 + 15. Let a be z(l). Suppose g - 64 = -4*y, 4*y = -g - 4*g + a. List the prime factors of y.
2
Let s(j) = j + 6. Let k be s(-3). Suppose 0 = k*b - 10 - 14. Suppose 3*z = b + 25. List the prime factors of z.
11
Suppose 2*f + 22 = o, 0 = -4*o - 3*f + 2*f + 43. What are the prime factors of o?
2, 3
Suppose 2 = -2*r - 0. Suppose 6 = 2*u - 0. What are the prime factors of -2 + (r - -4*u)?
3
Let u(a) = -6*a + 4. List the prime factors of u(-3).
2, 11
Suppose -2*w + 204 - 48 = 0. What are the prime factors of w?
2, 3, 13
Suppose 0 = -2*f + 7 - 1. Suppose 0 = -2*d - f*d + 60. Suppose 0 = 3*x - x - d. List the prime factors of x.
2, 3
Let p = -8 - -191. List the prime factors of p.
3, 61
Let l be (-18)/(-10) - 4/(-20). Suppose -l*t - 4*z = -24, 0 = 4*t - 4*z - 89 + 29. Suppose 2*f = -0 + t. What are the prime factors of f?
7
Let i(q) = -q + 2. Let w be i(-5). Suppose 5*z + 62 = -4*o, z + 2*o = -9 - w. List the prime factors of 2/z - 123/(-15).
2
Let h be (-1)/(-1)*0*-1. Suppose h = -5*i + 4*v + 12 + 86, 0 = -5*i + 2*v + 104. List the prime factors of i.
2, 11
Let f = -3 - -7. Suppose f*d - 100 = -3*a - 19, 3*d = -9. Let o = a + -17. List the prime factors of o.
2, 7
Let m(t) = t**3 + 11 + 1 + 7 + 2*t. What are the prime factors of m(0)?
19
Let u be (6 - 0) + (-3 - -1). Let f be 4/14*(u - -3). Suppose 24 = 5*i - f*i. What are the prime factors of i?
2
Let i(a) be the second derivative of -a**3/6 + a**2 - 2*a. Let b be i(-2). Suppose -8 = -b*x + n, -n + 2 = x + 3*n. What are the prime factors of x?
2
Suppose 17 + 13 = 3*i. List the prime factors of i.
2, 5
Let b = -18 + 36. What are the prime factors of b?
2, 3
Let a be (-6)/(-2) + 8 + -5. Let c(k) = 8*k**2 + 3 + 6*k + 3*k**3 - 2*k**3 - a + 7. What are the prime factors of c(-7)?
11
Let r = 3 + 1. What are the prime factors of r?
2
Suppose -2*c = -1 - 3. Suppose 2 = 5*k + c*u - 33, 29 = k - 4*u. What are the prime factors of k?
3
Let f(u) be the second derivative of 2*u - 3/2*u**2 + 0 - u**3. List the prime factors of f(-2).
3
Let r(p) = -4*p**3 - 4*p**2 - 13*p + 1. List the prime factors of r(-4).
5, 7
Let i(j) = 7*j**2 - 20*j - 15. List the prime factors of i(9).
2, 3, 31
Let w be 70 + (0/(-2))/2. Suppose -3*s - 2*s + w = 0. List the prime factors of s.
2, 7
Suppose 4*t - 60 - 60 = -5*s, -3*s + 60 = 2*t. What are the prime factors of t?
2, 3, 5
Let p = 89 - 52. List the prime factors of p.
37
Suppose 0 = 4*h - 13 - 11. Let c be ((-3)/h)/((-4)/(-40)). What are the prime factors of (9/(-3) - 1)*c?
2, 5
Let n(g) = -g**3 - 6*g**2 + 7*g + 9. Let w(i) = -i**2 - 2*i + 3. Let p be w(2). Let h = -12 - p. What are the prime factors of n(h)?
3
Let y(s) = s - 7. Let u(p) = -p + 6. Let r(m) = 3*u(m) + 2*y(m). Let a be (1*8)/(-1) + 0. List the prime factors of r(a).
2, 3
Suppose 39*g - 156 = 35*g. List the prime factors of g.
3, 13
Suppose 4*k + 2*a = 721 - 83, 2*a = -3*k + 481. What are the prime factors of k?
157
Suppose 0 = 3*c - 2*c - 5. Let n = c + -5. Suppose n*u - u + 8 = 0. List the prime factors of u.
2
Suppose -z = -4*t + 72, -5*t - 2*z - z + 73 = 0. List the prime factors of t.
17
Suppose 2*n - 153 = -n.